. What is the hundreds digit of m(50)?
4
Let h be (1 - 1) + 5 - -6. Suppose 3*x - h = 2*c + 24, -70 = -4*x - 2*c. What is the tens digit of x?
1
Suppose -23*s = -0*s - 506. Suppose -18*z = -s*z + 1444. What is the hundreds digit of z?
3
Suppose d + 2567*g - 9911 = 2563*g, 39604 = 4*d - 4*g. What is the units digit of d?
3
Suppose -4*g - 20 = 24. Let d(l) = 8*l**2 + 29*l + 36. What is the units digit of d(g)?
5
Let v(m) = -m + 20. Let u be v(10). Suppose 0 = 7*q - u*q + 9. Suppose 161 - 29 = q*d. What is the units digit of d?
4
Let h be (-16)/(-2) + 1 - (-48)/(-16). What is the hundreds digit of (2/h)/((-2)/(-2334))?
3
Suppose 282898 + 71764 = -7*m. What is the tens digit of (m/12)/(-7) - 7/42?
0
Suppose 5*u = -x + 15615, -705*x + 704*x + 3*u = -15623. What is the units digit of x?
0
Let p be ((-18)/8)/(6/(-8)). Let l be ((-2373)/28)/(p/(-8)). Suppose -3*k - l = -3*d - d, 3*d - 184 = -5*k. What is the units digit of d?
8
Let d be 1*(-3)/(-4) - 33/44. Let b be 1 + 1 + (-2 - d). Suppose o = -3*o + 4*m + 192, b = 4*o + 4*m - 184. What is the units digit of o?
7
Suppose -219450 = 7*x - 37*x. What is the thousands digit of x?
7
Suppose -2*o = -0*o + 5*o. Suppose -53*v + 56*v = o. Suppose -5*a - 3*a + 1320 = v. What is the hundreds digit of a?
1
Suppose -21846 = -6*f + 54264. Suppose 0 = -34*l + 41483 - f. What is the hundreds digit of l?
8
Let s = -6220 - -14583. What is the units digit of s?
3
Suppose 0 = 2*d - 2*s - 20, -d + 3*s + 8 = s. What is the tens digit of ((-3267)/d - 0)*16/(-6)?
2
Suppose 0 = 4*a - 2*x - 130, 3*a - 2*a = -x + 25. Let u = a + -26. Suppose 133 = u*k - 63. What is the tens digit of k?
4
Let p(j) = 12*j**2 - 3*j - 9. Let f = 19 + -22. What is the units digit of p(f)?
8
Let p(t) = 8282*t + 305. What is the tens digit of p(2)?
6
Suppose -4*i = -16, -4*p + 4*i + 375 = -977. Let s = p - 157. What is the units digit of s?
5
What is the units digit of 45/(-27) + (-7)/((-126)/12990)?
0
Suppose 0 = -58*d + 60*d - 172. Suppose -20 = -2*n + d. Suppose 5*z + 46 = 5*r - 299, -r + n = -5*z. What is the units digit of r?
3
Let c(o) = o**3 - 18*o**2 - 3*o - 6. Let v be c(18). Let f = 1222 + v. What is the thousands digit of f?
1
Let t = 7052 + -1193. What is the thousands digit of t?
5
Let h be (6/(-8))/(2/(-8)) + -27. Let s = 113 + h. Let o = s - 43. What is the units digit of o?
6
Let m(f) = 4692*f - 4485. What is the tens digit of m(12)?
1
Let w = 17216 - -3949. What is the ten thousands digit of w?
2
Let l = 676 - 952. Let m be 18/(-4)*120/18. What is the units digit of l/(-10)*(-75)/m?
9
Let q = 492 + -873. Let d = -258 - q. What is the units digit of d?
3
Let l(o) = 14*o + 143. Let z(g) = -3*g - 75. Let p be z(-28). What is the tens digit of l(p)?
6
Let c(d) be the second derivative of 43*d**4/3 + d**3/6 - 3*d**2/2 + 23*d - 5. What is the tens digit of c(-2)?
8
Suppose -42*o = -39*o - 936. Let t be (-4)/5 - o/(-65). Suppose -t*j = -421 + 41. What is the units digit of j?
5
What is the tens digit of (234/(-52) + 3)*5462/(-3)?
3
Suppose 3*p = 3, -72 = -4*c - 2*p + 6*p. Let h(u) = -c*u - 17 + 0 - 4. What is the tens digit of h(-5)?
7
Let v be (-18)/(-63) - (-27)/(-21). Let j be (-54)/(-3)*v*(-155)/(-10). Let n = j + 484. What is the tens digit of n?
0
Let z = 44754 + -25193. What is the hundreds digit of z?
5
Suppose -3*l + 116004 = 2*w - 6*l, 0 = 3*l - 6. What is the hundreds digit of w?
0
Let q(l) = l + 5. Let u be q(-6). Let c(d) = 103*d**3 - 2*d**2 + 1. Let h be c(u). What is the units digit of (2 - (-4 + 5))/((-2)/h)?
2
Suppose 28 = 6*w - 50. Suppose -w*k + 3*k = -240. Suppose -k*i = -23*i - 112. What is the tens digit of i?
1
Let l(c) = 15*c + 38. Suppose 0 = 2*f + f + 3*m + 318, 321 = -3*f - 4*m. Let s = -94 - f. What is the hundreds digit of l(s)?
1
Let s(o) = -32*o**2 + o - 5. Let k be s(3). Let l = -164 - k. What is the units digit of l?
6
Let o(h) = 38*h**2 - 5*h - 8. Let a(j) = 2*j**2 + 13*j + 4. Let i be a(-6). Let n be 1 + 1 + -2*(i - -4). What is the units digit of o(n)?
4
Let j = -431 - -439. Suppose -5*s - 2034 = -j*s. What is the hundreds digit of s?
6
Let k be (-36)/108*(0 + -6). Suppose -g = 3*a - 140, 3*a - 5*g + k*g - 120 = 0. What is the units digit of a?
5
Let q(s) = 172*s - 1452. What is the thousands digit of q(28)?
3
Suppose t + 4*v = -93, 0*t + 204 = -3*t + 3*v. Let b = 338 + t. What is the tens digit of b?
6
Let a = 9478 - -113. What is the units digit of a?
1
Let n be (40/3 + 0)*(18/(-10))/(-1). Suppose -2*d - 4 = 2*t, 4*d = 2*d + 4*t + 8. Let h = d + n. What is the units digit of h?
4
Let f be (3 - 12)/((-3)/((-54)/(-1))). Suppose 0 = -g + r + f, -660 = 12*g - 16*g + r. What is the units digit of g?
6
Let s(d) = 2*d**3 + 3*d**2 + 2*d + 2. Let m be s(-2). Let q be 10/1*(-5)/(15/m). Suppose b = 5 + q. What is the tens digit of b?
2
Suppose -77253 = -3*p - l, 7*p - 180279 = 27*l - 22*l. What is the ten thousands digit of p?
2
Let r(x) = 66*x**2 + 42*x + 24. What is the tens digit of r(9)?
4
Let p be 3 + 309/(-3) + -4. Let a = p - -67. Let l = 50 + a. What is the units digit of l?
3
Let j = 39989 + 17703. What is the tens digit of j?
9
Let h(j) = j + 37. Let i(d) = d**3 - 5*d**2 + 5*d - 2. Let o be i(2). Let n = o + -15. What is the tens digit of h(n)?
1
Let g = 73 - 68. Suppose r - 5*x - 317 = -r, -161 = -r + g*x. Suppose -r = 8*l - 588. What is the units digit of l?
4
Suppose 4*j - 10 = 2, -2*x + 15 = j. What is the units digit of (-45)/x*(-8)/16*56?
0
Let o(g) = g**2 - 21*g - 2. Let q be o(21). What is the units digit of (5 + q)*8 + -4?
0
Suppose -3*i - 16 = -25. Suppose o = i*f + 277, 277 = o + 4*f - 0*f. What is the tens digit of o?
7
Let a(h) = -1170*h - 162. What is the tens digit of a(-2)?
7
Let y(n) be the second derivative of n**4/3 + 2*n**3/3 - 3*n**2/2 - n. Suppose -10*d + 7*d = -w - 8, -3*w + 12 = 0. What is the units digit of y(d)?
7
Let w be (-2 + -3383)*4/(-10). Let s = w + -713. What is the tens digit of s?
4
Suppose -9*k - 9 = -12*k. Suppose -k*a = -4*a + 4, 2*a = 2*c. What is the tens digit of (-2192)/(-64) + (-1)/c?
3
Let t = 4 - 2. Suppose -21*q = -11*q - 20. Suppose -5*s - 23 = -t*r, -q*r + 4*s = -15 - 9. What is the tens digit of r?
1
What is the thousands digit of (2/1)/(23810672/680304 - 35)?
2
Let p(a) be the third derivative of 13*a**7/5040 + 31*a**6/720 - 3*a**5/20 - 9*a**2. Let u(d) be the third derivative of p(d). What is the units digit of u(10)?
1
Let z = 2575 + 116. What is the thousands digit of z?
2
What is the units digit of 212425/58 - (21/(-18) + (-1)/3)?
4
Suppose -5*i - 325 = -4*k, -k + 397 = 4*k + 3*i. Suppose 4*n = 2*w - 188, -5*n = 2*w - 90 - k. What is the units digit of w?
0
Let u = -13476 - -27341. What is the thousands digit of u?
3
Let g = -7831 - -17541. What is the thousands digit of g?
9
What is the thousands digit of ((-407074)/740)/((-1)/10)?
5
Suppose -5*p + 4*q + 170187 = 0, -114*p - q - 68079 = -116*p. What is the ten thousands digit of p?
3
Suppose -m - 1881 = 2*q - 6619, 0 = -5*m + 10. Suppose 71*x - 63*x = q. What is the tens digit of x?
9
Suppose a + r - 68 = 5*r, 116 = 2*a - 4*r. What is the hundreds digit of (174/24)/(3/a)?
1
Suppose -2*k = 3619*a - 3614*a + 14, 2*k + 14 = -a. Let l be ((-3)/(-2) + -1)*10. Suppose a = -l*d - 6*d + 2673. What is the tens digit of d?
4
Suppose 5*h - 18*q - 38169 = -17*q, -q + 1 = 0. What is the hundreds digit of h?
6
Let b(r) = 2*r**2 + 3*r + 7. Let m be b(-2). What is the tens digit of (6 - -14)/(2/m)?
9
Let f(j) = -80053*j - 2328. What is the hundreds digit of f(-1)?
7
Let i(b) be the third derivative of 33*b**2 + 23/8*b**4 - 5/3*b**3 + 0 + 0*b. What is the hundreds digit of i(2)?
1
Suppose -7*z + 18 = -185. What is the units digit of (z - 1)*(-55)/(-22)?
0
Suppose -220 = 3*c - 5*h, -5*c + h - 373 = -h. Let b = c - -69. What is the units digit of (-3)/b*18 + (0 - 1)?
8
Let w(k) be the second derivative of 0 - 7*k**2 - 7*k + 1/12*k**4 + 13/6*k**3. What is the tens digit of w(-20)?
2
Let z be (1 - 6) + 29*-46. Let l = 1911 + z. What is the hundreds digit of l?
5
Let h be 1184/(-2) - (27 - 25). Let i = h - -950. What is the hundreds digit of i?
3
Let b(l) = 264 - 209 - l**3 + 46*l + 44*l**2 + 0*l**2. What is the tens digit of b(45)?
0
Let l be 21924/(-81)*(1 - 4) - 1. Let n = l - 227. What is the tens digit of n?
8